19. Let h be k(4). Suppose -h*z - 3 = -10*z. Give t(z).
2
Suppose -45*a - 36 - 9 = 0. Let o(j) = 6*j**3 + j**2 + j + 1. Calculate o(a).
-5
Let m(h) = h**2 - h + 4. Let g(a) = 11*a**3 - 66*a**2 + 66*a - 264. Let i(j) = -g(j) - 66*m(j). Suppose 2*q - 5*q = 3. Calculate i(q).
11
Suppose -s - 4*s + 10 = 0. Suppose -s*b = -4*b - 8. Let l(q) = -q**3 - 5*q**2 - 4*q + 2. Determine l(b).
2
Let n(b) be the third derivative of b**6/120 - b**5/20 + b**4/6 + b**3/6 - 99*b**2. What is n(3)?
13
Let u(f) = -f**3 + f**2 + 3. Let t be -1 - (0 - 0) - -4. Let z(n) = 13*n - 26. Let o be z(2). Suppose o = -t*d + 8*d. What is u(d)?
3
Let q(o) = 24*o + 244. Let x be q(-10). Let h(i) = -i**3 + 4*i**2 + 2*i - 8. What is h(x)?
0
Let j be 2/(-6) + (-2 - (-85)/(-15)). Let c(f) = -f**3 - 10*f**2 - 11*f + 5. Determine c(j).
-35
Let h(v) = -25*v**2. Let r be (-8)/6 - -2*1/6. Determine h(r).
-25
Suppose -3*d + 5*d - 4 = 0. Let x be d + 2 + 2 + -3. Let k(b) = 2 - 2*b + 7*b**3 - 2*b**3 - 2*b**x - 3*b**2 - 2*b**3. Calculate k(2).
-6
Let c(t) = -29*t**2 + 1. Suppose -10*r - 5 = -5*r. Calculate c(r).
-28
Let q(u) = -u**2 + 12*u - 7. Suppose 9*m - 34 = 74. What is q(m)?
-7
Let y(u) be the first derivative of u**3/3 + 7*u**2/2 - 6*u + 7. Suppose -z - p - 12 = -0*z, 3*p = 2*z - 1. Calculate y(z).
-6
Let y(t) = 7*t**2 - 7*t - 2. Let g(p) = 3*p**2 - 3*p - 1. Let c(u) = 5*g(u) - 2*y(u). Let b = -78 + 44. Let q = b + 37. Give c(q).
5
Let n(h) = 9*h + 5. Let w be (2/(-4))/((14/44)/7). Let q(z) = 3*z + 2. Let g(k) = w*q(k) + 4*n(k). Suppose 4*f = f + 9. Determine g(f).
7
Suppose -p + 3*i = 0, -5*p + 15 - 5 = -5*i. Let s(b) be the third derivative of 0*b + 4*b**2 + 0 + 0*b**4 + 1/30*b**5 - 1/60*b**6 + 1/6*b**p. Give s(2).
-7
Let a(l) = 3*l**3 + 24*l**2 - 56*l - 24. Let g(r) = 2*r**3 + 16*r**2 - 37*r - 16. Let k(y) = 5*a(y) - 7*g(y). What is k(-10)?
2
Let g(m) = -5*m**2 + 3*m. Let f = 42 + -40. Suppose -2*b - 2 = -2*u + 6, 3*b + f = -2*u. What is g(u)?
-14
Suppose p = 5*d - 0 - 10, 0 = -d - 3*p + 2. Let u(g) = -7*g + 10. Let y(k) = 2*k - 3. Let c(m) = -u(m) - 4*y(m). Give c(d).
0
Let n(b) = 4*b + 7. Let k(f) = -f - 2. Let z(x) = 15*k(x) + 3*n(x). What is z(-5)?
6
Let d be 97/9 + (-4)/(-18). Suppose 2*b - 9 = 15. Let n = b - d. Let r(v) = 4*v**2 + 1. Calculate r(n).
5
Suppose b + 2*b = -15. Let l be b/2*2/(-5). Let f(a) be the third derivative of a**4/6 + a**3/6 + 2*a**2. Calculate f(l).
5
Let i(p) = 4*p - 1. Let s(z) = 18 - 24*z - 13 + 3*z. Let w(r) = 11*i(r) + 2*s(r). Give w(-2).
-5
Let r(d) be the first derivative of -d**6/360 - 25*d**3/3 + 7. Let g(a) be the third derivative of r(a). Calculate g(1).
-1
Let d(r) = 205*r + r**2 - 206*r + 15 + 6. Give d(0).
21
Let s = -76 - -69. Let z(w) = w**2 + 5*w - 8. Determine z(s).
6
Let h(u) be the second derivative of -u**3/2 + 9*u**2/2 - 128*u. Calculate h(-8).
33
Let a = 6 - 20. Let o(g) = 2*g + 12. Give o(a).
-16
Let m be 3 - -10*7/14. Let h(j) = j - 5. Determine h(m).
3
Let f(i) = -1. Let h(g) = 7*g + 1. Suppose -3*k - w - 7 = -5*w, -5*k = 5*w. Let m(q) = k*h(q) - 2*f(q). Give m(2).
-13
Let b(j) = -64*j + 132*j - j**2 + 2 - 71*j. Suppose 0 = 2*d + 2*d + k - 67, 0 = -5*d + 4*k + 89. Let x = 12 - d. Calculate b(x).
-8
Let d(n) = -4*n**2 - 1. Let x(c) = 9*c**2 + c + 3. Let g(u) = 7*d(u) + 3*x(u). Suppose -4*o - 10*y + 5*y + 26 = 0, 18 = 3*o + 3*y. What is g(o)?
-2
Let d = -24 - -28. Let x be ((-6)/(-8)*4)/1. Suppose x*s + 1 - d = 0. Let o(v) = 9*v**2 + v. Determine o(s).
10
Suppose 0 = 4*n + 2 + 6, -4*n - 20 = -3*p. Let g(b) be the second derivative of 0 + 0*b**2 - 1/20*b**5 + 1/2*b**4 - 5/6*b**3 + 3*b. Calculate g(p).
12
Let f(j) = j**2 + 6*j + 6. Suppose 4*s - y + 13 = 4, 0 = -4*s + 4*y. Determine f(s).
-3
Let r(k) be the third derivative of -k**7/2520 - k**6/144 - 7*k**5/120 + k**4/24 + 9*k**2. Let n(a) be the second derivative of r(a). Calculate n(-6).
-13
Let d = -170 + 169. Let v(k) = 2 + 6 - 7. Let z(h) = 4*h + 5. Let o(s) = -6*v(s) + z(s). Give o(d).
-5
Suppose 0 = -h + 3*g - 12, 0*g - 26 = 4*h - g. Let v be (-26)/h - 4/(-6). Suppose v + 7 = 4*t. Let l(b) = -b**3 + 3*b**2 - 2*b. Determine l(t).
-6
Let s(t) = -t**2 + 1. Let n(x) = 5*x**2 - 7*x - 3. Let u(b) = -n(b) - 4*s(b). Let r = -5 + 11. What is u(r)?
5
Let h(t) = -2*t - 23. Let r(i) = -3*i - 22. Let y(n) = 3*h(n) - 4*r(n). Calculate y(-6).
-17
Let l(g) be the first derivative of g**4/4 + g**2/2 - 17*g - 5. What is l(0)?
-17
Let a(m) = m**3 - 2*m**2 + m. Suppose 2*y - 2 - 2 = 0. Let j = 6 + y. Suppose 4*k + 0*k - j = 0. Calculate a(k).
2
Let t(y) be the second derivative of y**7/2520 - y**5/60 + y**4/12 - 11*y. Let a(g) be the third derivative of t(g). Give a(2).
2
Let w(x) = -x - 7. Let j be w(-11). Let a(i) = 5 - j*i + i**2 + 2 + 12*i. What is a(-6)?
-5
Let x(d) be the first derivative of d**4/4 - 3*d**3 - 6*d - 2. Let m be x(9). Let r(z) be the third derivative of z**4/24 + z**3/2 - z**2. Calculate r(m).
-3
Let r(t) = -t**3 + 4*t**2 - 1. Let d(l) = l**3 - 3*l**2 - 5*l + 6. Let n be d(4). Suppose -14 = -4*z - a, -4*a = -4*z - n + 26. What is r(z)?
-1
Let f(z) = z**3 - 2*z**2 - 3*z - 1. Let s(x) = 3*x + 5. Suppose a + 25 = 6*a. Let p be s(a). Let m = p - 17. Give f(m).
-1
Let x(n) = 18*n - 2. Let b be x(5). Let z(s) = -s**2 - b*s - 2 - 3 + 81*s. Let c(v) = v**2 + 4*v - 5. Let w be c(-4). Calculate z(w).
5
Suppose 5*y + 3*a + 14 + 12 = 0, 4*a - 4 = 3*y. Let b(r) = r**3 + 3*r**2 - r + 12. Give b(y).
0
Let q(g) = 3*g - 9. Let b(u) = -u - 1. Let z(v) = -4*b(v) - q(v). Calculate z(-7).
6
Let w(q) be the third derivative of q**4/12 - 2*q**3/3 - 2*q**2. Suppose b + 9 = 4*b. Suppose -8 + b = -p. Calculate w(p).
6
Let c(y) = 2*y**2 - 15*y + 6. Let l(s) = -2*s**2 + 16*s + 1. Let i(o) = o**2 - 8*o - 1. Let z(w) = 7*i(w) + 4*l(w). Let r(f) = 6*c(f) + 11*z(f). Give r(3).
6
Let f(j) be the second derivative of -j**3/6 + j**2 + 610*j. Calculate f(-10).
12
Let f(h) = -3*h**2 - 7*h + 6. Let w(m) = 4*m**2 + 8*m - 5. Let y(k) = 3*f(k) + 2*w(k). Let i be y(-5). Let a(t) = -t**2 + 7*t + 10. Calculate a(i).
2
Let x be -3*1*(-119)/51. Let j be (8 - x)*(-1 - 4). Let b(c) = 5*c - c**2 + 1 - 2 - 10*c. Calculate b(j).
-1
Suppose -3*a + 4*s = -2*a + 13, -s - 2 = -2*a. Suppose a*i + 10 = -2*d, 5*d + 2*i + 6 = 3*d. Let u(r) = -45*r**2 - 46*r**2 - 3*r**3 + 90*r**2. Give u(d).
-4
Let g(q) = 2*q - 5. Let o be g(7). Let n(j) = j**2 + o*j + 2*j - 16*j + 6*j. What is n(-1)?
0
Let k(w) = w**3 - 8*w**2 + 6*w + 2. Let z(s) = 6*s**2 - 7*s**3 + 4*s**3 + s**3 + s**3 - 5*s + 7. Let x be z(5). Calculate k(x).
-5
Let y be (-30)/(-20)*4/6. Suppose -3*v - f = -23, -4*v + y = -3*v - f. Let d(a) = -6*a**2 + 0*a**3 - 3*a + a**3 + 5*a. What is d(v)?
12
Let r(p) = -p - 2. Let q = 10 - 10. Suppose -10 = -4*t + 2*f, 0 = -2*t - 5*f - q*f - 1. What is r(t)?
-4
Let d(b) = 2*b**2 - 4*b - 1. Let x(j) = -j + 21. Let c be x(17). Calculate d(c).
15
Let f(k) = -k. Let n(s) = -2*s + 1. Let m(h) = 4*f(h) + n(h). Give m(-1).
7
Let t(g) = -g**3 - 14*g**2 - 26*g - 7. Let y be t(-12). Let w = y - 16. Let o(d) = -3*d + 4. Let u(a) = -4*a + 3. Let i(c) = -4*o(c) + 5*u(c). What is i(w)?
-9
Let s(q) be the first derivative of -q**6/360 - q**5/15 - 2*q**3/3 + 5. Let p(x) be the third derivative of s(x). Calculate p(-5).
15
Let x be (-23)/115 + (-3 - 121/(-30)). Let i(b) be the second derivative of -5*b - 7/12*b**4 + 0 + x*b**3 + 7/2*b**2 + 1/20*b**5. What is i(6)?
1
Let w(q) = q**2 - 8*q + 3. Let b be (2/(-6))/((-19)/456). Give w(b).
3
Let c(r) = -58*r**3 - 4*r + 59*r**3 - 2*r**2 + 3*r**2 - 4. Calculate c(-3).
-10
Let j(f) = -f**2 + 10*f + 37. Suppose 4*d - 48 = 2*b, -d + 18 = 2*b + 1. Determine j(d).
-2
Let i(d) be the second derivative of -1/6*d**3 + 5*d - 4*d**2 + 0. Let w be i(-6). Let y(l) = 2*l + 1. What is y(w)?
-3
Let j(b) = -b**2 - 5*b - 4. Suppose -30*o = -6*o + 96. What is j(o)?
0
Let d(l) = -l**2 - 10*l + 5. Suppose -90 = -99*n + 108*n. Give d(n).
5
Let o(f) = -2 + 72*f**2 - 142*f**2 - 3*f + 69*f**2 - 3*f. Let d be (2/2)/((-4)/28). Let c = d - -4. Give o(c).
7
Let o(w) = 2*w**3 + 17*w**2 - 2*w + 10. Let p(g) = 2*g**3 + 14*g**2 - 2*g + 8. Let l(m) = -4*o(m) + 5*p(m). What is l(-2)?
-4
Suppose 0 = -5*m + t - 25, 0 = 4*m - m + t + 7. Let c(u) = -u**3 - 5*u**2 - 3*u + 3. Give c(m).
-1
Let b(g) = -g**2 - 5*g + 16. Let k be b(-7). Let q(n) = 7*n**k 